). Suppose u = g + 2. List the prime factors of g.
17
Suppose 3*u - 25 = 2*j, -u + 2*u = -5*j - 3. Let t = 0 - 2. Let r = t + u. What are the prime factors of r?
5
Let a(r) = -r**3 + 6*r**2 - 3*r + 1. Let x be a(2). Suppose 13*b = x*b + 24. What are the prime factors of b?
2, 3
Suppose -135 = -5*y - 2*b - 2*b, 0 = 5*y + 3*b - 130. List the prime factors of y.
23
Let m = -390 + 632. What are the prime factors of m?
2, 11
Suppose 0*b = -2*b. Suppose b = 4*i - 3*i - 10. What are the prime factors of i?
2, 5
Let h(v) = v - 10. Let x be h(10). Suppose 36 = -x*o + 3*o. What are the prime factors of o?
2, 3
Let y(h) = h**3 - 7*h**2 + 8*h - 1. Let m be y(7). Suppose -q = -6*q + m. List the prime factors of q.
11
Let l(f) = -2*f + 1. Let s be l(-5). Suppose -2*q - s = -n, -n + 24 = 2*n - 3*q. What are the prime factors of n?
5
Let x(u) = -u**3 + 7*u**2 + 9*u - 7. Let r be x(8). Let n be r*2*(-10)/4. Let z = n + 19. What are the prime factors of z?
2, 7
Suppose z = 2*u, -2*u + u + 4*z = 7. Let o(h) = 7*h - 1. What are the prime factors of o(u)?
2, 3
Let y be 2/20*-6*-15. Suppose 2*g = -g + y. What are the prime factors of 2/g + 140/15?
2, 5
Let h(i) = -i**2 - 3*i + 1. Let d be h(-3). Let q be (d/(-2))/(4/(-48)). Suppose -p + 3 = -q. What are the prime factors of p?
3
Let j = -15 + 41. List the prime factors of j.
2, 13
Let o = -184 - -129. Let a = -30 - o. Suppose 0 = -2*h + 6*w - w - 19, -a = -5*w. List the prime factors of h.
3
Let s be 4/6*702/12. Let j = -25 + s. What are the prime factors of j?
2, 7
List the prime factors of ((-1)/1)/(6/(-66)).
11
Let r = 7 + -13. Let m(a) = a**3 + 5*a**2 - 6*a + 5. Let n be m(r). Let q = 11 - n. List the prime factors of q.
2, 3
List the prime factors of (1/(-2))/((-14)/1120).
2, 5
Let y be (-68)/(-10) + 3/15. Suppose 0*q - y = -q. What are the prime factors of q?
7
Let c(z) = -z**2 - 8*z - 5. Let d be (1 + 3)/(3 + -1). Suppose -3*h + d*h = 2*u, -3*h = 4*u + 6. What are the prime factors of c(h)?
7
Suppose -3*v + w - 4 = -5*v, -v + 3*w = -2. Suppose -6 = -x - v*x. Let s = x + 8. List the prime factors of s.
2, 5
Suppose -57 = -4*g + g. Let t = 33 - g. List the prime factors of t.
2, 7
Let w(p) = -p**3 - 4*p**2 - 11*p - 4. What are the prime factors of w(-4)?
2, 5
Let z(h) = -h**3 - 11*h**2 - 7*h + 1. Let y(m) = -2*m**3 - 12*m**2 - 6*m + 2. Let x(f) = -2*y(f) + 3*z(f). What are the prime factors of x(10)?
3
Let w = 13 - 9. Suppose 4*h = -5*m + 6 + 2, 5*h + w*m = 10. What are the prime factors of (-69)/(-6) - 1/h?
11
Let w(v) = -1. Let t(n) = -5*n + 11. Let m(h) = -t(h) + 2*w(h). List the prime factors of m(7).
2, 11
Suppose 3*o = -0*o + 336. Suppose -q = -4*v + 8 - 45, 4*q - 4*v = o. What are the prime factors of q?
5
Suppose 0 = g - 2 - 9. List the prime factors of g.
11
Let f(x) = -6*x**2 + 2*x + 4*x + 3 + 0*x**3 - x**3. What are the prime factors of f(-7)?
2, 5
Suppose 0 = 4*m + v - 4, 5*v + 22 = m - 0*v. What are the prime factors of m?
2
Let m = 82 - 129. Let c = -26 - m. List the prime factors of c.
3, 7
Let q be (-7)/(-2) + (-6)/4. What are the prime factors of 8 + 4 + 0/q?
2, 3
Suppose -3*m = 3*k - 2*m - 124, -2*k + 80 = -2*m. What are the prime factors of k?
41
Suppose -2*x + 4*p = 2*x - 8, -4*x + 8 = 3*p. Suppose 0 = 2*b - x*h, 5*h = 2*b - 0*h + 9. List the prime factors of b.
3
Let k = 9 - 9. Suppose 10*q - 9*q - 3 = k. What are the prime factors of q?
3
Let p(j) = -j + 7. Let a be p(6). Suppose q - 3*t = 6*q - 48, -t = -a. What are the prime factors of q?
3
Let s = -4 + 0. What are the prime factors of 1 + s - 40/(-1)?
37
Let t(x) be the second derivative of x**5/20 - x**4/3 + 5*x**2/2 + 3*x. Let q be 2 + 1 + 0 + 1. What are the prime factors of t(q)?
5
What are the prime factors of 102/6 + 8/2?
3, 7
Let m be (-3)/(-2)*(-2 + 0). Let x = m - -9. List the prime factors of x.
2, 3
Let t(d) be the second derivative of d**3/3 - 9*d**2/2 + d. Suppose 4*i - 5 - 19 = 0. What are the prime factors of t(i)?
3
Let o = 101 + -78. What are the prime factors of o?
23
Suppose 0*y + 5*o = -3*y - 10, -o + 20 = 5*y. List the prime factors of 36/2 - (-4 + y).
17
Suppose a - 2*n + 2 = -4*n, 0 = -n - 3. Let u(h) = h**2 + 2. What are the prime factors of u(a)?
2, 3
Let f(c) = 13*c + 3*c**2 - 6 - 5 - 4*c**2 + c. What are the prime factors of f(8)?
37
Let f be 4 - ((-1)/1 - -3). Let x(k) = 4*k - 1 + 0 - 1 - 1. List the prime factors of x(f).
5
Suppose 2*b - 116 = 3*q, -q - q - 118 = -2*b. What are the prime factors of b?
61
Let c(x) = x**2 - 9*x + 8. Let d be c(9). Let l be ((-8)/(-6))/(d/12). Suppose -5 - 3 = -l*f. What are the prime factors of f?
2
Suppose 3*c - c - 188 = 0. List the prime factors of c.
2, 47
Let z be -1 + (2 - (2 - 4)). Let k(d) = -5*d**z - d - 4*d**3 + 7*d**3. List the prime factors of k(-1).
3
Suppose -y + 8*x = 3*x - 31, -2*y = -3*x - 27. Suppose -2*c + 5*c - y = 0. Suppose 2*g = -c*g + 24. What are the prime factors of g?
2, 3
Suppose -5*f + 14 = -26. Let x(w) = -w**2 + 11*w - 10. Let h be x(f). List the prime factors of (-410)/(-35) - (-4)/h.
2, 3
Suppose 14*x - 3618 = 50. List the prime factors of x.
2, 131
Let s(w) = 2*w**3 - 4*w**2 + 4*w - 3. List the prime factors of s(2).
5
Let i(p) = -p**3 - 10*p**2 - 4*p + 21. What are the prime factors of i(-10)?
61
Suppose 4*m - m = 30. Suppose -35 = -p + m. What are the prime factors of p?
3, 5
Let u be 3/(-5) + (-132)/(-20). Let q = u + 1. What are the prime factors of q?
7
Let x = -19 + 39. List the prime factors of x.
2, 5
Let k(r) = -3*r + 6. Let l(p) = -1. Let s(o) = k(o) + 4*l(o). What are the prime factors of s(-4)?
2, 7
Suppose -53 = -3*t + 7. List the prime factors of t.
2, 5
Let w = 36 + -26. List the prime factors of w.
2, 5
Let a(x) = 7*x - 72. List the prime factors of a(22).
2, 41
Suppose 5*d + b = 10, 2 = 4*d - 5*b - 6. Suppose -4*z - 2*c = c - 31, -d*z + 11 = -3*c. List the prime factors of z.
7
Let p be (-2)/5 - (-48)/20. Suppose f + 3*f = -3*l + 17, 0 = f - p*l + 4. Suppose f*r - 10 + 0 = 0. List the prime factors of r.
5
Let c(o) = o**2 - 7*o + 11. What are the prime factors of c(8)?
19
Suppose 8*l + 21 = 9*l. List the prime factors of l.
3, 7
Let o = 12 - 8. Let z = o - 2. Suppose -12 = -b + 6*h - z*h, 0 = 2*b + 4*h - 24. What are the prime factors of b?
2, 3
Let m(j) = j**3 + 10*j**2 + 5. Let i be m(-10). Suppose 4*l - 23 = -0*x - 5*x, -i*x + 15 = 0. What are the prime factors of l?
2
Let a = 31 + -10. Let o be (4/1 - 2)/(-2). Let h = o + a. List the prime factors of h.
2, 5
Let l(a) = a**2 - 8*a + 8. Let n be l(8). Suppose 0 = -f - 4*o + n + 4, 2*f - 51 = o. What are the prime factors of f?
2, 3
Suppose 3*r - 15 = -2*r. Suppose k - 2*n = -r*n + 19, k = -2*n + 18. Let p = k - 1. List the prime factors of p.
19
Let t(h) = 126*h**3 + h**2 + 2*h - 3. What are the prime factors of t(1)?
2, 3, 7
Let q(y) = y**3 - 6*y**2 + 5*y + 3. Let f be q(5). Let t be f/12 + 38/8. Suppose -6 - 10 = -4*l + 4*w, 0 = t*l - w - 36. What are the prime factors of l?
2
Let g be 7/2 - 1/2. Let b = g - 3. Let s = 7 + b. What are the prime factors of s?
7
Suppose 0*x - 2*x = 0. Let j = -9 - x. What are the prime factors of 3/j - (-21)/9?
2
Let c = -71 - -118. List the prime factors of c.
47
Let i(d) = d**3 + d + 34. Let r be i(0). Let j = 49 - r. List the prime factors of j.
3, 5
Let p be (4/5)/((-10)/(-25)). Suppose 4*x - 2*c - 2*c = 68, p*x = -c + 49. What are the prime factors of x?
2, 11
Let k(m) = m**3 - 2*m**2 + 2*m + 7. Let g(s) = -s**3 + s**2 - s - 7. Let y(f) = -6*g(f) - 5*k(f). What are the prime factors of y(-5)?
2
Let o(h) = h**3 - 4*h + 3. Let q be o(2). List the prime factors of -2 - (2 - q) - -7.
2, 3
Let i be -7*(-2 + 2 + -1). Let y = -1 + i. List the prime factors of y.
2, 3
Let g(x) = -2*x**3 - x + 1. Let u be g(1). What are the prime factors of (8/(-10))/(u/85)?
2, 17
Let z be (2 + -6)*(-2)/8. Let r be ((-2)/z)/((-3)/(-6)). List the prime factors of 6/(-1 - r)*4.
2
Suppose 5*i = -5*h + 25, -2*h - 3*i + 12 = -0*h. Let n = 29 - 11. Suppose 0 = g + 4*v + 2, v = h*g - 2 - n. List the prime factors of g.
2, 3
Suppose 0 = -m + 6 - 2. Suppose 0 = 5*j + 5, -3*j + 26 = u + m. List the prime factors of u.
5
Let t(s) = 2*s**2 - 2*s - 2. Let u be t(2). Let w(f) = -3 + 1 + 3*f - f**u + 3*f + 0. What are the prime factors of w(4)?
2, 3
What are the prime fa